{"id":300,"date":"2025-06-06T12:25:19","date_gmt":"2025-06-06T10:25:19","guid":{"rendered":"http:\/\/lauremartin.local\/?page_id=300"},"modified":"2026-04-13T09:12:06","modified_gmt":"2026-04-13T07:12:06","slug":"a-propos","status":"publish","type":"page","link":"https:\/\/lauremartin.fr\/amesdancetres\/a-propos\/","title":{"rendered":"A propos"},"content":{"rendered":"\n<div class=\"wp-block-group alignfull has-global-padding is-layout-constrained wp-container-core-group-is-layout-8b8fd6cc wp-block-group-is-layout-constrained\" style=\"padding-top:var(--wp--preset--spacing--40);padding-right:var(--wp--preset--spacing--40);padding-bottom:var(--wp--preset--spacing--40);padding-left:var(--wp--preset--spacing--40)\">\n<h1 class=\"wp-block-heading has-text-align-center\">Une g\u00e9n\u00e9alogiste professionnelle qui vous accompagne avec chaleur et humanit\u00e9<\/h1>\n<\/div>\n\n\n\n<div class=\"wp-block-group has-global-padding is-layout-constrained wp-container-core-group-is-layout-1131737d wp-block-group-is-layout-constrained\" style=\"margin-top:0;margin-bottom:0;padding-top:var(--wp--preset--spacing--20);padding-right:var(--wp--preset--spacing--20);padding-bottom:var(--wp--preset--spacing--20);padding-left:var(--wp--preset--spacing--20)\">\n<div class=\"wp-block-columns is-layout-flex wp-container-core-columns-is-layout-658170e2 wp-block-columns-is-layout-flex\">\n<div class=\"wp-block-column is-vertically-aligned-center is-layout-flow wp-container-core-column-is-layout-b108c007 wp-block-column-is-layout-flow\" style=\"padding-right:0;padding-left:0;flex-basis:30%\">\n<figure class=\"wp-block-image aligncenter is-resized has-custom-border is-style-rounded is-style-rounded--1\" style=\"margin-top:0;margin-right:0;margin-bottom:0;margin-left:0\"><img decoding=\"async\" src=\"https:\/\/amesdancetres.fr\/wp-content\/uploads\/2025\/04\/seance-corpo-laure-martin-aurore-trelaun-photographe-009.jpg?w=200\" alt=\"\" class=\"wp-image-54\" style=\"border-top-left-radius:20px;border-top-right-radius:20px;border-bottom-left-radius:20px;border-bottom-right-radius:20px;width:270px\"\/><\/figure>\n<\/div>\n\n\n\n<div class=\"wp-block-column is-vertically-aligned-center is-layout-flow wp-block-column-is-layout-flow\" style=\"flex-basis:70%\">\n<p class=\"justifier\">Je suis Laure MARTIN, \u00eatre humain en chemin, vivant \u00e0 Bordeaux, entre chats et jardin.<\/p>\n\n\n\n<p class=\"justifier\">G\u00e9n\u00e9alogiste amateure pendant presque trente ans, je suis devenue professionnelle apr\u00e8s avoir obtenu un dipl\u00f4me universitaire en histoire et g\u00e9n\u00e9alogie familiale.<\/p>\n\n\n\n<p class=\"justifier\">Apte \u00e0 conduire des recherches g\u00e9n\u00e9alogiques dans tout corpus d\u2019archive en France, j\u2019affectionne tout particuli\u00e8rement les enqu\u00eates sur les \u00eatres humains que nos anc\u00eatres ont \u00e9t\u00e9. Le pass\u00e9 ne se lasse jamais de nous adresser des clins d\u2019\u0153il\u2026<\/p>\n\n\n\n<div class=\"wp-block-buttons is-content-justification-center is-layout-flex wp-container-core-buttons-is-layout-a89b3969 wp-block-buttons-is-layout-flex\">\n<div class=\"wp-block-button has-custom-width wp-block-button__width-50\"><a class=\"wp-block-button__link has-contrast-2-color has-text-color has-link-color has-medium-font-size has-custom-font-size wp-element-button\" href=\"https:\/\/lauremartin.fr\/amesdancetres\/prestations\/\">D\u00e9couvrir les prestations<\/a><\/div>\n<\/div>\n<\/div>\n<\/div>\n<\/div>\n","protected":false},"excerpt":{"rendered":"<p>Une g\u00e9n\u00e9alogiste professionnelle qui vous accompagne avec chaleur et humanit\u00e9 Je suis Laure MARTIN, \u00eatre humain en chemin, vivant \u00e0 Bordeaux, entre chats et jardin. G\u00e9n\u00e9alogiste amateure pendant presque trente ans, je suis devenue professionnelle apr\u00e8s avoir obtenu un dipl\u00f4me universitaire en histoire et g\u00e9n\u00e9alogie familiale. Apte \u00e0 conduire des recherches g\u00e9n\u00e9alogiques dans tout corpus [&hellip;]<\/p>\n","protected":false},"author":2,"featured_media":2464,"parent":0,"menu_order":0,"comment_status":"closed","ping_status":"closed","template":"page-no-title","meta":{"footnotes":""},"class_list":["post-300","page","type-page","status-publish","has-post-thumbnail","hentry"],"yoast_head":"<!-- This site is optimized with the Yoast SEO plugin v27.4 - https:\/\/yoast.com\/product\/yoast-seo-wordpress\/ -->\n<title>A propos - \u00c2mes d&#039;anc\u00eatres<\/title>\n<meta name=\"robots\" content=\"index, follow, max-snippet:-1, max-image-preview:large, max-video-preview:-1\" \/>\n<link rel=\"canonical\" href=\"https:\/\/lauremartin.fr\/amesdancetres\/a-propos\/\" \/>\n<meta property=\"og:locale\" content=\"fr_FR\" \/>\n<meta property=\"og:type\" content=\"article\" \/>\n<meta property=\"og:title\" content=\"A propos - \u00c2mes d&#039;anc\u00eatres\" \/>\n<meta property=\"og:description\" content=\"Une g\u00e9n\u00e9alogiste professionnelle qui vous accompagne avec chaleur et humanit\u00e9 Je suis Laure MARTIN, \u00eatre humain en chemin, vivant \u00e0 Bordeaux, entre chats et jardin. G\u00e9n\u00e9alogiste amateure pendant presque trente ans, je suis devenue professionnelle apr\u00e8s avoir obtenu un dipl\u00f4me universitaire en histoire et g\u00e9n\u00e9alogie familiale. Apte \u00e0 conduire des recherches g\u00e9n\u00e9alogiques dans tout corpus [&hellip;]\" \/>\n<meta property=\"og:url\" content=\"https:\/\/lauremartin.fr\/amesdancetres\/a-propos\/\" \/>\n<meta property=\"og:site_name\" content=\"\u00c2mes d&#039;anc\u00eatres\" \/>\n<meta property=\"article:modified_time\" content=\"2026-04-13T07:12:06+00:00\" \/>\n<meta property=\"og:image\" content=\"https:\/\/lauremartin.fr\/amesdancetres\/wp-content\/uploads\/sites\/9\/2026\/01\/seance-corpo-laure-martin-Aurore-Trelaun-Photographe-019.jpg\" \/>\n\t<meta property=\"og:image:width\" content=\"1064\" \/>\n\t<meta property=\"og:image:height\" content=\"1596\" \/>\n\t<meta property=\"og:image:type\" content=\"image\/jpeg\" \/>\n<meta name=\"twitter:card\" content=\"summary_large_image\" \/>\n<meta name=\"twitter:label1\" content=\"Dur\u00e9e de lecture estim\u00e9e\" \/>\n\t<meta name=\"twitter:data1\" content=\"1 minute\" \/>\n<script type=\"application\/ld+json\" class=\"yoast-schema-graph\">{\"@context\":\"https:\\\/\\\/schema.org\",\"@graph\":[{\"@type\":\"WebPage\",\"@id\":\"https:\\\/\\\/lauremartin.fr\\\/amesdancetres\\\/a-propos\\\/\",\"url\":\"https:\\\/\\\/lauremartin.fr\\\/amesdancetres\\\/a-propos\\\/\",\"name\":\"A propos - \u00c2mes d&#039;anc\u00eatres\",\"isPartOf\":{\"@id\":\"https:\\\/\\\/lauremartin.fr\\\/amesdancetres\\\/#website\"},\"primaryImageOfPage\":{\"@id\":\"https:\\\/\\\/lauremartin.fr\\\/amesdancetres\\\/a-propos\\\/#primaryimage\"},\"image\":{\"@id\":\"https:\\\/\\\/lauremartin.fr\\\/amesdancetres\\\/a-propos\\\/#primaryimage\"},\"thumbnailUrl\":\"https:\\\/\\\/lauremartin.fr\\\/amesdancetres\\\/wp-content\\\/uploads\\\/sites\\\/9\\\/2026\\\/01\\\/seance-corpo-laure-martin-Aurore-Trelaun-Photographe-019.jpg\",\"datePublished\":\"2025-06-06T10:25:19+00:00\",\"dateModified\":\"2026-04-13T07:12:06+00:00\",\"breadcrumb\":{\"@id\":\"https:\\\/\\\/lauremartin.fr\\\/amesdancetres\\\/a-propos\\\/#breadcrumb\"},\"inLanguage\":\"fr-FR\",\"potentialAction\":[{\"@type\":\"ReadAction\",\"target\":[\"https:\\\/\\\/lauremartin.fr\\\/amesdancetres\\\/a-propos\\\/\"]}]},{\"@type\":\"ImageObject\",\"inLanguage\":\"fr-FR\",\"@id\":\"https:\\\/\\\/lauremartin.fr\\\/amesdancetres\\\/a-propos\\\/#primaryimage\",\"url\":\"https:\\\/\\\/lauremartin.fr\\\/amesdancetres\\\/wp-content\\\/uploads\\\/sites\\\/9\\\/2026\\\/01\\\/seance-corpo-laure-martin-Aurore-Trelaun-Photographe-019.jpg\",\"contentUrl\":\"https:\\\/\\\/lauremartin.fr\\\/amesdancetres\\\/wp-content\\\/uploads\\\/sites\\\/9\\\/2026\\\/01\\\/seance-corpo-laure-martin-Aurore-Trelaun-Photographe-019.jpg\",\"width\":1064,\"height\":1596},{\"@type\":\"BreadcrumbList\",\"@id\":\"https:\\\/\\\/lauremartin.fr\\\/amesdancetres\\\/a-propos\\\/#breadcrumb\",\"itemListElement\":[{\"@type\":\"ListItem\",\"position\":1,\"name\":\"Accueil\",\"item\":\"https:\\\/\\\/lauremartin.fr\\\/amesdancetres\\\/\"},{\"@type\":\"ListItem\",\"position\":2,\"name\":\"A propos\"}]},{\"@type\":\"WebSite\",\"@id\":\"https:\\\/\\\/lauremartin.fr\\\/amesdancetres\\\/#website\",\"url\":\"https:\\\/\\\/lauremartin.fr\\\/amesdancetres\\\/\",\"name\":\"\u00c2mes d&#039;anc\u00eatres\",\"description\":\"A la rencontre de ceux qui nous ont pr\u00e9c\u00e9d\u00e9s\",\"publisher\":{\"@id\":\"https:\\\/\\\/lauremartin.fr\\\/amesdancetres\\\/#organization\"},\"potentialAction\":[{\"@type\":\"SearchAction\",\"target\":{\"@type\":\"EntryPoint\",\"urlTemplate\":\"https:\\\/\\\/lauremartin.fr\\\/amesdancetres\\\/?s={search_term_string}\"},\"query-input\":{\"@type\":\"PropertyValueSpecification\",\"valueRequired\":true,\"valueName\":\"search_term_string\"}}],\"inLanguage\":\"fr-FR\"},{\"@type\":\"Organization\",\"@id\":\"https:\\\/\\\/lauremartin.fr\\\/amesdancetres\\\/#organization\",\"name\":\"\u00c2mes d&#039;anc\u00eatres\",\"url\":\"https:\\\/\\\/lauremartin.fr\\\/amesdancetres\\\/\",\"logo\":{\"@type\":\"ImageObject\",\"inLanguage\":\"fr-FR\",\"@id\":\"https:\\\/\\\/lauremartin.fr\\\/amesdancetres\\\/#\\\/schema\\\/logo\\\/image\\\/\",\"url\":\"https:\\\/\\\/lauremartin.fr\\\/amesdancetres\\\/wp-content\\\/uploads\\\/sites\\\/9\\\/2026\\\/01\\\/logo-full-blanc.png\",\"contentUrl\":\"https:\\\/\\\/lauremartin.fr\\\/amesdancetres\\\/wp-content\\\/uploads\\\/sites\\\/9\\\/2026\\\/01\\\/logo-full-blanc.png\",\"width\":926,\"height\":564,\"caption\":\"\u00c2mes d&#039;anc\u00eatres\"},\"image\":{\"@id\":\"https:\\\/\\\/lauremartin.fr\\\/amesdancetres\\\/#\\\/schema\\\/logo\\\/image\\\/\"}}]}<\/script>\n<!-- \/ Yoast SEO plugin. -->","yoast_head_json":{"title":"A propos - \u00c2mes d&#039;anc\u00eatres","robots":{"index":"index","follow":"follow","max-snippet":"max-snippet:-1","max-image-preview":"max-image-preview:large","max-video-preview":"max-video-preview:-1"},"canonical":"https:\/\/lauremartin.fr\/amesdancetres\/a-propos\/","og_locale":"fr_FR","og_type":"article","og_title":"A propos - \u00c2mes d&#039;anc\u00eatres","og_description":"Une g\u00e9n\u00e9alogiste professionnelle qui vous accompagne avec chaleur et humanit\u00e9 Je suis Laure MARTIN, \u00eatre humain en chemin, vivant \u00e0 Bordeaux, entre chats et jardin. G\u00e9n\u00e9alogiste amateure pendant presque trente ans, je suis devenue professionnelle apr\u00e8s avoir obtenu un dipl\u00f4me universitaire en histoire et g\u00e9n\u00e9alogie familiale. Apte \u00e0 conduire des recherches g\u00e9n\u00e9alogiques dans tout corpus [&hellip;]","og_url":"https:\/\/lauremartin.fr\/amesdancetres\/a-propos\/","og_site_name":"\u00c2mes d&#039;anc\u00eatres","article_modified_time":"2026-04-13T07:12:06+00:00","og_image":[{"width":1064,"height":1596,"url":"https:\/\/lauremartin.fr\/amesdancetres\/wp-content\/uploads\/sites\/9\/2026\/01\/seance-corpo-laure-martin-Aurore-Trelaun-Photographe-019.jpg","type":"image\/jpeg"}],"twitter_card":"summary_large_image","twitter_misc":{"Dur\u00e9e de lecture estim\u00e9e":"1 minute"},"schema":{"@context":"https:\/\/schema.org","@graph":[{"@type":"WebPage","@id":"https:\/\/lauremartin.fr\/amesdancetres\/a-propos\/","url":"https:\/\/lauremartin.fr\/amesdancetres\/a-propos\/","name":"A propos - \u00c2mes d&#039;anc\u00eatres","isPartOf":{"@id":"https:\/\/lauremartin.fr\/amesdancetres\/#website"},"primaryImageOfPage":{"@id":"https:\/\/lauremartin.fr\/amesdancetres\/a-propos\/#primaryimage"},"image":{"@id":"https:\/\/lauremartin.fr\/amesdancetres\/a-propos\/#primaryimage"},"thumbnailUrl":"https:\/\/lauremartin.fr\/amesdancetres\/wp-content\/uploads\/sites\/9\/2026\/01\/seance-corpo-laure-martin-Aurore-Trelaun-Photographe-019.jpg","datePublished":"2025-06-06T10:25:19+00:00","dateModified":"2026-04-13T07:12:06+00:00","breadcrumb":{"@id":"https:\/\/lauremartin.fr\/amesdancetres\/a-propos\/#breadcrumb"},"inLanguage":"fr-FR","potentialAction":[{"@type":"ReadAction","target":["https:\/\/lauremartin.fr\/amesdancetres\/a-propos\/"]}]},{"@type":"ImageObject","inLanguage":"fr-FR","@id":"https:\/\/lauremartin.fr\/amesdancetres\/a-propos\/#primaryimage","url":"https:\/\/lauremartin.fr\/amesdancetres\/wp-content\/uploads\/sites\/9\/2026\/01\/seance-corpo-laure-martin-Aurore-Trelaun-Photographe-019.jpg","contentUrl":"https:\/\/lauremartin.fr\/amesdancetres\/wp-content\/uploads\/sites\/9\/2026\/01\/seance-corpo-laure-martin-Aurore-Trelaun-Photographe-019.jpg","width":1064,"height":1596},{"@type":"BreadcrumbList","@id":"https:\/\/lauremartin.fr\/amesdancetres\/a-propos\/#breadcrumb","itemListElement":[{"@type":"ListItem","position":1,"name":"Accueil","item":"https:\/\/lauremartin.fr\/amesdancetres\/"},{"@type":"ListItem","position":2,"name":"A propos"}]},{"@type":"WebSite","@id":"https:\/\/lauremartin.fr\/amesdancetres\/#website","url":"https:\/\/lauremartin.fr\/amesdancetres\/","name":"\u00c2mes d&#039;anc\u00eatres","description":"A la rencontre de ceux qui nous ont pr\u00e9c\u00e9d\u00e9s","publisher":{"@id":"https:\/\/lauremartin.fr\/amesdancetres\/#organization"},"potentialAction":[{"@type":"SearchAction","target":{"@type":"EntryPoint","urlTemplate":"https:\/\/lauremartin.fr\/amesdancetres\/?s={search_term_string}"},"query-input":{"@type":"PropertyValueSpecification","valueRequired":true,"valueName":"search_term_string"}}],"inLanguage":"fr-FR"},{"@type":"Organization","@id":"https:\/\/lauremartin.fr\/amesdancetres\/#organization","name":"\u00c2mes d&#039;anc\u00eatres","url":"https:\/\/lauremartin.fr\/amesdancetres\/","logo":{"@type":"ImageObject","inLanguage":"fr-FR","@id":"https:\/\/lauremartin.fr\/amesdancetres\/#\/schema\/logo\/image\/","url":"https:\/\/lauremartin.fr\/amesdancetres\/wp-content\/uploads\/sites\/9\/2026\/01\/logo-full-blanc.png","contentUrl":"https:\/\/lauremartin.fr\/amesdancetres\/wp-content\/uploads\/sites\/9\/2026\/01\/logo-full-blanc.png","width":926,"height":564,"caption":"\u00c2mes d&#039;anc\u00eatres"},"image":{"@id":"https:\/\/lauremartin.fr\/amesdancetres\/#\/schema\/logo\/image\/"}}]}},"_links":{"self":[{"href":"https:\/\/lauremartin.fr\/amesdancetres\/wp-json\/wp\/v2\/pages\/300","targetHints":{"allow":["GET"]}}],"collection":[{"href":"https:\/\/lauremartin.fr\/amesdancetres\/wp-json\/wp\/v2\/pages"}],"about":[{"href":"https:\/\/lauremartin.fr\/amesdancetres\/wp-json\/wp\/v2\/types\/page"}],"author":[{"embeddable":true,"href":"https:\/\/lauremartin.fr\/amesdancetres\/wp-json\/wp\/v2\/users\/2"}],"replies":[{"embeddable":true,"href":"https:\/\/lauremartin.fr\/amesdancetres\/wp-json\/wp\/v2\/comments?post=300"}],"version-history":[{"count":50,"href":"https:\/\/lauremartin.fr\/amesdancetres\/wp-json\/wp\/v2\/pages\/300\/revisions"}],"predecessor-version":[{"id":3124,"href":"https:\/\/lauremartin.fr\/amesdancetres\/wp-json\/wp\/v2\/pages\/300\/revisions\/3124"}],"wp:featuredmedia":[{"embeddable":true,"href":"https:\/\/lauremartin.fr\/amesdancetres\/wp-json\/wp\/v2\/media\/2464"}],"wp:attachment":[{"href":"https:\/\/lauremartin.fr\/amesdancetres\/wp-json\/wp\/v2\/media?parent=300"}],"curies":[{"name":"wp","href":"https:\/\/api.w.org\/{rel}","templated":true}]}}