{"id":2516,"date":"2026-01-31T13:01:09","date_gmt":"2026-01-31T11:01:09","guid":{"rendered":"https:\/\/lauremartin.fr\/maieusthesie\/?page_id=2516"},"modified":"2026-04-22T10:39:23","modified_gmt":"2026-04-22T08:39:23","slug":"prestations","status":"publish","type":"page","link":"https:\/\/lauremartin.fr\/slowfeelflow\/prestations\/","title":{"rendered":"Prestations"},"content":{"rendered":"\n<div class=\"wp-block-group alignfull has-global-padding is-layout-constrained wp-container-core-group-is-layout-c66f0752 wp-block-group-is-layout-constrained\" style=\"margin-top:0;margin-bottom:0;padding-top:var(--wp--preset--spacing--40);padding-right:var(--wp--preset--spacing--40);padding-bottom:var(--wp--preset--spacing--40);padding-left:var(--wp--preset--spacing--40)\">\n<h1 class=\"wp-block-heading has-text-align-center has-x-large-font-size\"><em>Plus de pr\u00e9sence, moins de confusion !<\/em><\/h1>\n\n\n\n<p class=\"justifier\">Le principal obstacle \u00e0 des prises de d\u00e9cision sereines, c&rsquo;est le rejet syst\u00e9matique de l&rsquo;exp\u00e9rience instantan\u00e9e : <\/p>\n\n\n\n<ul class=\"wp-block-list\">\n<li>refuser de sentir la confusion entre les options,<\/li>\n\n\n\n<li>refuser de sentir la peur de se tromper,<\/li>\n\n\n\n<li>refuser de sentir la honte de l&rsquo;ind\u00e9cision.<\/li>\n<\/ul>\n\n\n\n<p class=\"justifier\">Lors de ces accompagnements, la parole, la cr\u00e9ativit\u00e9, le dialogue, ouvrent en vous les espaces de pr\u00e9sence int\u00e9rieure qui dissolvent ces refus de sentir. Dans l&rsquo;exp\u00e9rience du ressenti, les \u00e9motions partagent leur message au niveau corporel, et la compr\u00e9hension intellectuelle \u00e9merge ensuite, sans effort. Une fois accueillies, les \u00e9motions n&rsquo;ont plus lieu d&rsquo;\u00eatre, vous retrouvez le calme.<\/p>\n\n\n\n<p class=\"justifier\">Si vous \u00eates plut\u00f4t verbal, choisissez la s\u00e9ance de ma\u00efeusth\u00e9sie. Les profils cr\u00e9atifs ou curieux appr\u00e9cieront l&rsquo;atelier Pr\u00e9sence. Dans tous les cas, nous irons voir du c\u00f4t\u00e9 des ressentis, mais rassurez-vous, je serai \u00e0 vos c\u00f4t\u00e9s \u00e0 chaque instant, en pleine pr\u00e9sence.<\/p>\n<\/div>\n\n\n\n<div class=\"wp-block-group alignfull has-global-padding is-layout-constrained wp-container-core-group-is-layout-c48a11eb wp-block-group-is-layout-constrained\" style=\"margin-top:0;margin-bottom:0;padding-top:calc( 0.5 * var(--wp--style--root--padding-right, var(--wp--custom--gap--horizontal)));padding-right:var(--wp--preset--spacing--60);padding-bottom:calc( 0.5 * var(--wp--style--root--padding-right, var(--wp--custom--gap--horizontal)));padding-left:var(--wp--preset--spacing--60)\">\n<div style=\"height:calc( 0.25 * var(--wp--style--root--padding-right, var(--wp--custom--gap--horizontal)))\" aria-hidden=\"true\" class=\"wp-block-spacer\"><\/div>\n\n\n\n<div class=\"wp-block-group alignwide has-global-padding is-layout-constrained wp-block-group-is-layout-constrained\">\n<h2 class=\"wp-block-heading alignfull has-text-align-left\" style=\"font-style:normal\">Mes services<\/h2>\n<\/div>\n\n\n\n<div class=\"wp-block-columns alignwide is-layout-flex wp-container-core-columns-is-layout-d0846407 wp-block-columns-is-layout-flex\">\n<div class=\"wp-block-column is-layout-flow wp-block-column-is-layout-flow\">\n<figure class=\"wp-block-image size-full has-custom-border\"><img loading=\"lazy\" decoding=\"async\" width=\"1080\" height=\"1080\" src=\"https:\/\/lauremartin.fr\/slowfeelflow\/wp-content\/uploads\/sites\/5\/2025\/07\/Mandorle_6_Detail_2.jpg\" alt=\"\" class=\"wp-image-1739\" style=\"border-top-left-radius:20px;border-top-right-radius:20px;border-bottom-left-radius:20px;border-bottom-right-radius:20px;box-shadow:var(--wp--preset--shadow--natural);aspect-ratio:4\/3;object-fit:cover\" srcset=\"https:\/\/lauremartin.fr\/slowfeelflow\/wp-content\/uploads\/sites\/5\/2025\/07\/Mandorle_6_Detail_2.jpg 1080w, https:\/\/lauremartin.fr\/slowfeelflow\/wp-content\/uploads\/sites\/5\/2025\/07\/Mandorle_6_Detail_2-300x300.jpg 300w, https:\/\/lauremartin.fr\/slowfeelflow\/wp-content\/uploads\/sites\/5\/2025\/07\/Mandorle_6_Detail_2-1024x1024.jpg 1024w, https:\/\/lauremartin.fr\/slowfeelflow\/wp-content\/uploads\/sites\/5\/2025\/07\/Mandorle_6_Detail_2-150x150.jpg 150w, https:\/\/lauremartin.fr\/slowfeelflow\/wp-content\/uploads\/sites\/5\/2025\/07\/Mandorle_6_Detail_2-768x768.jpg 768w\" sizes=\"auto, (max-width: 1080px) 100vw, 1080px\" \/><\/figure>\n\n\n\n<div style=\"height:4px\" aria-hidden=\"true\" class=\"wp-block-spacer\"><\/div>\n\n\n\n<div class=\"wp-block-group is-layout-flow wp-block-group-is-layout-flow\">\n<h3 class=\"wp-block-heading is-service-name has-medium-font-size\" style=\"font-style:normal;font-weight:700\">Coaching \u0c84SPIRALE<\/h3>\n<\/div>\n\n\n\n<p class=\"is-service-description justifier\">Besoin d&rsquo;un vrai reset ? Trois mois pour retrouver souverainet\u00e9 et autonomie, la base d&rsquo;une vie pleine de sens. Un accompagnement au service de ton \u00eatre profond, bienveillant et sans complaisance. Slow Feel Flow n&rsquo;aura plus de secret pour toi !<\/p>\n\n\n\n<div class=\"wp-block-buttons is-layout-flex wp-block-buttons-is-layout-flex\">\n<div class=\"wp-block-button\"><a class=\"wp-block-button__link has-contrast-2-color has-text-color has-link-color has-medium-font-size has-custom-font-size wp-element-button\">En savoir plus<\/a><\/div>\n<\/div>\n<\/div>\n\n\n\n<div class=\"wp-block-column is-layout-flow wp-block-column-is-layout-flow\">\n<figure class=\"wp-block-image size-large has-custom-border\"><img loading=\"lazy\" decoding=\"async\" width=\"682\" height=\"1024\" src=\"https:\/\/lauremartin.fr\/slowfeelflow\/wp-content\/uploads\/sites\/5\/2026\/01\/Reve_en_corps-682x1024.jpg\" alt=\"\" class=\"wp-image-2457\" style=\"border-top-left-radius:20px;border-top-right-radius:20px;border-bottom-left-radius:20px;border-bottom-right-radius:20px;box-shadow:var(--wp--preset--shadow--natural);aspect-ratio:4\/3;object-fit:cover\" srcset=\"https:\/\/lauremartin.fr\/slowfeelflow\/wp-content\/uploads\/sites\/5\/2026\/01\/Reve_en_corps-682x1024.jpg 682w, https:\/\/lauremartin.fr\/slowfeelflow\/wp-content\/uploads\/sites\/5\/2026\/01\/Reve_en_corps-200x300.jpg 200w, https:\/\/lauremartin.fr\/slowfeelflow\/wp-content\/uploads\/sites\/5\/2026\/01\/Reve_en_corps-768x1152.jpg 768w, https:\/\/lauremartin.fr\/slowfeelflow\/wp-content\/uploads\/sites\/5\/2026\/01\/Reve_en_corps-1024x1536.jpg 1024w, https:\/\/lauremartin.fr\/slowfeelflow\/wp-content\/uploads\/sites\/5\/2026\/01\/Reve_en_corps.jpg 1081w\" sizes=\"auto, (max-width: 682px) 100vw, 682px\" \/><\/figure>\n\n\n\n<div style=\"height:4px\" aria-hidden=\"true\" class=\"wp-block-spacer\"><\/div>\n\n\n\n<div class=\"wp-block-group is-layout-flow wp-block-group-is-layout-flow\">\n<h3 class=\"wp-block-heading is-service-name has-medium-font-size\" style=\"font-style:normal;font-weight:700\">S\u00e9ance \u27e1CRISTAL<\/h3>\n<\/div>\n\n\n\n<p class=\"is-service-description justifier\">Une s\u00e9ance pour prendre du recul et gagner en clart\u00e9, sur un point d&rsquo;inconfort sp\u00e9cifique ou ta situation globale. Le dialogue ma\u00efeusth\u00e9sique accompagne avec d\u00e9licatesse l&rsquo;\u00e9mergence des ressentis les plus sensibles, pour un retour \u00e0 soi apais\u00e9 et confiant.<\/p>\n\n\n\n<div class=\"wp-block-buttons is-layout-flex wp-block-buttons-is-layout-flex\">\n<div class=\"wp-block-button\"><a class=\"wp-block-button__link has-contrast-2-color has-text-color has-link-color has-medium-font-size has-custom-font-size wp-element-button\">En savoir plus<\/a><\/div>\n<\/div>\n<\/div>\n\n\n\n<div class=\"wp-block-column is-layout-flow wp-block-column-is-layout-flow\">\n<figure class=\"wp-block-image size-large has-custom-border\"><img loading=\"lazy\" decoding=\"async\" width=\"1024\" height=\"683\" src=\"https:\/\/lauremartin.fr\/slowfeelflow\/wp-content\/uploads\/sites\/5\/2026\/02\/seance-corpo-laure-martin-Aurore-Trelaun-Photographe-0081-1024x683.jpg\" alt=\"\" class=\"wp-image-2691\" style=\"border-top-left-radius:20px;border-top-right-radius:20px;border-bottom-left-radius:20px;border-bottom-right-radius:20px;box-shadow:var(--wp--preset--shadow--natural);aspect-ratio:4\/3;object-fit:cover\" srcset=\"https:\/\/lauremartin.fr\/slowfeelflow\/wp-content\/uploads\/sites\/5\/2026\/02\/seance-corpo-laure-martin-Aurore-Trelaun-Photographe-0081-1024x683.jpg 1024w, https:\/\/lauremartin.fr\/slowfeelflow\/wp-content\/uploads\/sites\/5\/2026\/02\/seance-corpo-laure-martin-Aurore-Trelaun-Photographe-0081-300x200.jpg 300w, https:\/\/lauremartin.fr\/slowfeelflow\/wp-content\/uploads\/sites\/5\/2026\/02\/seance-corpo-laure-martin-Aurore-Trelaun-Photographe-0081-768x512.jpg 768w, https:\/\/lauremartin.fr\/slowfeelflow\/wp-content\/uploads\/sites\/5\/2026\/02\/seance-corpo-laure-martin-Aurore-Trelaun-Photographe-0081-1536x1024.jpg 1536w, https:\/\/lauremartin.fr\/slowfeelflow\/wp-content\/uploads\/sites\/5\/2026\/02\/seance-corpo-laure-martin-Aurore-Trelaun-Photographe-0081.jpg 1596w\" sizes=\"auto, (max-width: 1024px) 100vw, 1024px\" \/><\/figure>\n\n\n\n<div style=\"height:4px\" aria-hidden=\"true\" class=\"wp-block-spacer\"><\/div>\n\n\n\n<div class=\"wp-block-group is-layout-flow wp-block-group-is-layout-flow\">\n<h3 class=\"wp-block-heading is-service-name has-medium-font-size\" style=\"font-style:normal;font-weight:700\">Atelier \u2191PR\u00c9SENCE<\/h3>\n<\/div>\n\n\n\n<p class=\"is-service-description justifier\">Autour d\u2019un projet d\u2019art plastique simple, tu fais l&rsquo;exp\u00e9rience de te laisser traverser par la vie dans l&rsquo;acte de cr\u00e9ation artistique. La trace laiss\u00e9e dans ta conscience te servira de point d&rsquo;ancrage pour cr\u00e9er ta vie r\u00eav\u00e9e comme une \u0153uvre d&rsquo;art.<\/p>\n\n\n\n<div class=\"wp-block-buttons is-layout-flex wp-block-buttons-is-layout-flex\">\n<div class=\"wp-block-button\"><a class=\"wp-block-button__link has-contrast-2-color has-text-color has-link-color has-medium-font-size has-custom-font-size wp-element-button\">En savoir plus<\/a><\/div>\n<\/div>\n<\/div>\n<\/div>\n\n\n\n<div style=\"height:calc( 0.25 * var(--wp--style--root--padding-right, var(--wp--custom--gap--horizontal)))\" aria-hidden=\"true\" class=\"wp-block-spacer\"><\/div>\n<\/div>\n\n\n\n<div style=\"height:100px\" aria-hidden=\"true\" class=\"wp-block-spacer\"><\/div>\n","protected":false},"excerpt":{"rendered":"<p>Plus de pr\u00e9sence, moins de confusion ! Le principal obstacle \u00e0 des prises de d\u00e9cision sereines, c&rsquo;est le rejet syst\u00e9matique de l&rsquo;exp\u00e9rience instantan\u00e9e : Lors de ces accompagnements, la parole, la cr\u00e9ativit\u00e9, le dialogue, ouvrent en vous les espaces de pr\u00e9sence int\u00e9rieure qui dissolvent ces refus de sentir. Dans l&rsquo;exp\u00e9rience du ressenti, les \u00e9motions partagent [&hellip;]<\/p>\n","protected":false},"author":2,"featured_media":0,"parent":0,"menu_order":0,"comment_status":"closed","ping_status":"closed","template":"page-no-title","meta":{"footnotes":""},"class_list":["post-2516","page","type-page","status-publish","hentry"],"yoast_head":"<!-- This site is optimized with the Yoast SEO plugin v27.4 - https:\/\/yoast.com\/product\/yoast-seo-wordpress\/ -->\n<title>Prestations - Laure Martin, psychopraticienne \u00e0 Bordeaux<\/title>\n<meta name=\"robots\" content=\"index, follow, max-snippet:-1, max-image-preview:large, max-video-preview:-1\" \/>\n<link rel=\"canonical\" href=\"https:\/\/lauremartin.fr\/slowfeelflow\/prestations\/\" \/>\n<meta property=\"og:locale\" content=\"fr_FR\" \/>\n<meta property=\"og:type\" content=\"article\" \/>\n<meta property=\"og:title\" content=\"Prestations - Laure Martin, psychopraticienne \u00e0 Bordeaux\" \/>\n<meta property=\"og:description\" content=\"Plus de pr\u00e9sence, moins de confusion ! Le principal obstacle \u00e0 des prises de d\u00e9cision sereines, c&rsquo;est le rejet syst\u00e9matique de l&rsquo;exp\u00e9rience instantan\u00e9e : Lors de ces accompagnements, la parole, la cr\u00e9ativit\u00e9, le dialogue, ouvrent en vous les espaces de pr\u00e9sence int\u00e9rieure qui dissolvent ces refus de sentir. Dans l&rsquo;exp\u00e9rience du ressenti, les \u00e9motions partagent [&hellip;]\" \/>\n<meta property=\"og:url\" content=\"https:\/\/lauremartin.fr\/slowfeelflow\/prestations\/\" \/>\n<meta property=\"og:site_name\" content=\"Laure Martin, psychopraticienne \u00e0 Bordeaux\" \/>\n<meta property=\"article:modified_time\" content=\"2026-04-22T08:39:23+00:00\" \/>\n<meta property=\"og:image\" content=\"https:\/\/lauremartin.fr\/slowfeelflow\/wp-content\/uploads\/sites\/5\/2025\/07\/Mandorle_6_Detail_2.jpg\" \/>\n\t<meta property=\"og:image:width\" content=\"1080\" \/>\n\t<meta property=\"og:image:height\" content=\"1080\" \/>\n\t<meta property=\"og:image:type\" content=\"image\/jpeg\" \/>\n<meta name=\"twitter:card\" content=\"summary_large_image\" \/>\n<meta name=\"twitter:label1\" content=\"Dur\u00e9e de lecture estim\u00e9e\" \/>\n\t<meta name=\"twitter:data1\" content=\"3 minutes\" \/>\n<script type=\"application\/ld+json\" class=\"yoast-schema-graph\">{\"@context\":\"https:\\\/\\\/schema.org\",\"@graph\":[{\"@type\":\"WebPage\",\"@id\":\"https:\\\/\\\/lauremartin.fr\\\/slowfeelflow\\\/prestations\\\/\",\"url\":\"https:\\\/\\\/lauremartin.fr\\\/slowfeelflow\\\/prestations\\\/\",\"name\":\"Prestations - Laure Martin, psychopraticienne \u00e0 Bordeaux\",\"isPartOf\":{\"@id\":\"https:\\\/\\\/lauremartin.fr\\\/slowfeelflow\\\/#website\"},\"primaryImageOfPage\":{\"@id\":\"https:\\\/\\\/lauremartin.fr\\\/slowfeelflow\\\/prestations\\\/#primaryimage\"},\"image\":{\"@id\":\"https:\\\/\\\/lauremartin.fr\\\/slowfeelflow\\\/prestations\\\/#primaryimage\"},\"thumbnailUrl\":\"https:\\\/\\\/lauremartin.fr\\\/slowfeelflow\\\/wp-content\\\/uploads\\\/sites\\\/5\\\/2025\\\/07\\\/Mandorle_6_Detail_2.jpg\",\"datePublished\":\"2026-01-31T11:01:09+00:00\",\"dateModified\":\"2026-04-22T08:39:23+00:00\",\"breadcrumb\":{\"@id\":\"https:\\\/\\\/lauremartin.fr\\\/slowfeelflow\\\/prestations\\\/#breadcrumb\"},\"inLanguage\":\"fr-FR\",\"potentialAction\":[{\"@type\":\"ReadAction\",\"target\":[\"https:\\\/\\\/lauremartin.fr\\\/slowfeelflow\\\/prestations\\\/\"]}]},{\"@type\":\"ImageObject\",\"inLanguage\":\"fr-FR\",\"@id\":\"https:\\\/\\\/lauremartin.fr\\\/slowfeelflow\\\/prestations\\\/#primaryimage\",\"url\":\"https:\\\/\\\/lauremartin.fr\\\/slowfeelflow\\\/wp-content\\\/uploads\\\/sites\\\/5\\\/2025\\\/07\\\/Mandorle_6_Detail_2.jpg\",\"contentUrl\":\"https:\\\/\\\/lauremartin.fr\\\/slowfeelflow\\\/wp-content\\\/uploads\\\/sites\\\/5\\\/2025\\\/07\\\/Mandorle_6_Detail_2.jpg\",\"width\":1080,\"height\":1080},{\"@type\":\"BreadcrumbList\",\"@id\":\"https:\\\/\\\/lauremartin.fr\\\/slowfeelflow\\\/prestations\\\/#breadcrumb\",\"itemListElement\":[{\"@type\":\"ListItem\",\"position\":1,\"name\":\"Accueil\",\"item\":\"https:\\\/\\\/lauremartin.fr\\\/slowfeelflow\\\/\"},{\"@type\":\"ListItem\",\"position\":2,\"name\":\"Prestations\"}]},{\"@type\":\"WebSite\",\"@id\":\"https:\\\/\\\/lauremartin.fr\\\/slowfeelflow\\\/#website\",\"url\":\"https:\\\/\\\/lauremartin.fr\\\/slowfeelflow\\\/\",\"name\":\"Laure Martin, psychopraticienne \u00e0 Bordeaux\",\"description\":\"D\u00e9ployer une vie pleine de sens\",\"publisher\":{\"@id\":\"https:\\\/\\\/lauremartin.fr\\\/slowfeelflow\\\/#organization\"},\"potentialAction\":[{\"@type\":\"SearchAction\",\"target\":{\"@type\":\"EntryPoint\",\"urlTemplate\":\"https:\\\/\\\/lauremartin.fr\\\/slowfeelflow\\\/?s={search_term_string}\"},\"query-input\":{\"@type\":\"PropertyValueSpecification\",\"valueRequired\":true,\"valueName\":\"search_term_string\"}}],\"inLanguage\":\"fr-FR\"},{\"@type\":\"Organization\",\"@id\":\"https:\\\/\\\/lauremartin.fr\\\/slowfeelflow\\\/#organization\",\"name\":\"Laure Martin, psychopraticienne \u00e0 Bordeaux\",\"url\":\"https:\\\/\\\/lauremartin.fr\\\/slowfeelflow\\\/\",\"logo\":{\"@type\":\"ImageObject\",\"inLanguage\":\"fr-FR\",\"@id\":\"https:\\\/\\\/lauremartin.fr\\\/slowfeelflow\\\/#\\\/schema\\\/logo\\\/image\\\/\",\"url\":\"https:\\\/\\\/lauremartin.fr\\\/slowfeelflow\\\/wp-content\\\/uploads\\\/sites\\\/5\\\/2025\\\/06\\\/logo-full-noir.png\",\"contentUrl\":\"https:\\\/\\\/lauremartin.fr\\\/slowfeelflow\\\/wp-content\\\/uploads\\\/sites\\\/5\\\/2025\\\/06\\\/logo-full-noir.png\",\"width\":707,\"height\":430,\"caption\":\"Laure Martin, psychopraticienne \u00e0 Bordeaux\"},\"image\":{\"@id\":\"https:\\\/\\\/lauremartin.fr\\\/slowfeelflow\\\/#\\\/schema\\\/logo\\\/image\\\/\"}}]}<\/script>\n<!-- \/ Yoast SEO plugin. -->","yoast_head_json":{"title":"Prestations - Laure Martin, psychopraticienne \u00e0 Bordeaux","robots":{"index":"index","follow":"follow","max-snippet":"max-snippet:-1","max-image-preview":"max-image-preview:large","max-video-preview":"max-video-preview:-1"},"canonical":"https:\/\/lauremartin.fr\/slowfeelflow\/prestations\/","og_locale":"fr_FR","og_type":"article","og_title":"Prestations - Laure Martin, psychopraticienne \u00e0 Bordeaux","og_description":"Plus de pr\u00e9sence, moins de confusion ! Le principal obstacle \u00e0 des prises de d\u00e9cision sereines, c&rsquo;est le rejet syst\u00e9matique de l&rsquo;exp\u00e9rience instantan\u00e9e : Lors de ces accompagnements, la parole, la cr\u00e9ativit\u00e9, le dialogue, ouvrent en vous les espaces de pr\u00e9sence int\u00e9rieure qui dissolvent ces refus de sentir. Dans l&rsquo;exp\u00e9rience du ressenti, les \u00e9motions partagent [&hellip;]","og_url":"https:\/\/lauremartin.fr\/slowfeelflow\/prestations\/","og_site_name":"Laure Martin, psychopraticienne \u00e0 Bordeaux","article_modified_time":"2026-04-22T08:39:23+00:00","og_image":[{"width":1080,"height":1080,"url":"https:\/\/lauremartin.fr\/slowfeelflow\/wp-content\/uploads\/sites\/5\/2025\/07\/Mandorle_6_Detail_2.jpg","type":"image\/jpeg"}],"twitter_card":"summary_large_image","twitter_misc":{"Dur\u00e9e de lecture estim\u00e9e":"3 minutes"},"schema":{"@context":"https:\/\/schema.org","@graph":[{"@type":"WebPage","@id":"https:\/\/lauremartin.fr\/slowfeelflow\/prestations\/","url":"https:\/\/lauremartin.fr\/slowfeelflow\/prestations\/","name":"Prestations - Laure Martin, psychopraticienne \u00e0 Bordeaux","isPartOf":{"@id":"https:\/\/lauremartin.fr\/slowfeelflow\/#website"},"primaryImageOfPage":{"@id":"https:\/\/lauremartin.fr\/slowfeelflow\/prestations\/#primaryimage"},"image":{"@id":"https:\/\/lauremartin.fr\/slowfeelflow\/prestations\/#primaryimage"},"thumbnailUrl":"https:\/\/lauremartin.fr\/slowfeelflow\/wp-content\/uploads\/sites\/5\/2025\/07\/Mandorle_6_Detail_2.jpg","datePublished":"2026-01-31T11:01:09+00:00","dateModified":"2026-04-22T08:39:23+00:00","breadcrumb":{"@id":"https:\/\/lauremartin.fr\/slowfeelflow\/prestations\/#breadcrumb"},"inLanguage":"fr-FR","potentialAction":[{"@type":"ReadAction","target":["https:\/\/lauremartin.fr\/slowfeelflow\/prestations\/"]}]},{"@type":"ImageObject","inLanguage":"fr-FR","@id":"https:\/\/lauremartin.fr\/slowfeelflow\/prestations\/#primaryimage","url":"https:\/\/lauremartin.fr\/slowfeelflow\/wp-content\/uploads\/sites\/5\/2025\/07\/Mandorle_6_Detail_2.jpg","contentUrl":"https:\/\/lauremartin.fr\/slowfeelflow\/wp-content\/uploads\/sites\/5\/2025\/07\/Mandorle_6_Detail_2.jpg","width":1080,"height":1080},{"@type":"BreadcrumbList","@id":"https:\/\/lauremartin.fr\/slowfeelflow\/prestations\/#breadcrumb","itemListElement":[{"@type":"ListItem","position":1,"name":"Accueil","item":"https:\/\/lauremartin.fr\/slowfeelflow\/"},{"@type":"ListItem","position":2,"name":"Prestations"}]},{"@type":"WebSite","@id":"https:\/\/lauremartin.fr\/slowfeelflow\/#website","url":"https:\/\/lauremartin.fr\/slowfeelflow\/","name":"Laure Martin, psychopraticienne \u00e0 Bordeaux","description":"D\u00e9ployer une vie pleine de sens","publisher":{"@id":"https:\/\/lauremartin.fr\/slowfeelflow\/#organization"},"potentialAction":[{"@type":"SearchAction","target":{"@type":"EntryPoint","urlTemplate":"https:\/\/lauremartin.fr\/slowfeelflow\/?s={search_term_string}"},"query-input":{"@type":"PropertyValueSpecification","valueRequired":true,"valueName":"search_term_string"}}],"inLanguage":"fr-FR"},{"@type":"Organization","@id":"https:\/\/lauremartin.fr\/slowfeelflow\/#organization","name":"Laure Martin, psychopraticienne \u00e0 Bordeaux","url":"https:\/\/lauremartin.fr\/slowfeelflow\/","logo":{"@type":"ImageObject","inLanguage":"fr-FR","@id":"https:\/\/lauremartin.fr\/slowfeelflow\/#\/schema\/logo\/image\/","url":"https:\/\/lauremartin.fr\/slowfeelflow\/wp-content\/uploads\/sites\/5\/2025\/06\/logo-full-noir.png","contentUrl":"https:\/\/lauremartin.fr\/slowfeelflow\/wp-content\/uploads\/sites\/5\/2025\/06\/logo-full-noir.png","width":707,"height":430,"caption":"Laure Martin, psychopraticienne \u00e0 Bordeaux"},"image":{"@id":"https:\/\/lauremartin.fr\/slowfeelflow\/#\/schema\/logo\/image\/"}}]}},"_links":{"self":[{"href":"https:\/\/lauremartin.fr\/slowfeelflow\/wp-json\/wp\/v2\/pages\/2516","targetHints":{"allow":["GET"]}}],"collection":[{"href":"https:\/\/lauremartin.fr\/slowfeelflow\/wp-json\/wp\/v2\/pages"}],"about":[{"href":"https:\/\/lauremartin.fr\/slowfeelflow\/wp-json\/wp\/v2\/types\/page"}],"author":[{"embeddable":true,"href":"https:\/\/lauremartin.fr\/slowfeelflow\/wp-json\/wp\/v2\/users\/2"}],"replies":[{"embeddable":true,"href":"https:\/\/lauremartin.fr\/slowfeelflow\/wp-json\/wp\/v2\/comments?post=2516"}],"version-history":[{"count":45,"href":"https:\/\/lauremartin.fr\/slowfeelflow\/wp-json\/wp\/v2\/pages\/2516\/revisions"}],"predecessor-version":[{"id":3272,"href":"https:\/\/lauremartin.fr\/slowfeelflow\/wp-json\/wp\/v2\/pages\/2516\/revisions\/3272"}],"wp:attachment":[{"href":"https:\/\/lauremartin.fr\/slowfeelflow\/wp-json\/wp\/v2\/media?parent=2516"}],"curies":[{"name":"wp","href":"https:\/\/api.w.org\/{rel}","templated":true}]}}